Determine l(13).
-1
Let r(n) = 6*n**2 - 3*n. Determine r(2).
18
Let y(a) = -a**2 - 1. Give y(-7).
-50
Let z(d) = -3*d - 7. Calculate z(5).
-22
Let n(a) = a**3 + 41*a**2 - 39*a + 138. Give n(-42).
12
Let p(z) = z**3 - 2*z**2 + 2*z - 2. What is p(1)?
-1
Let d(l) = -l**2 + 3*l + 7. What is d(3)?
7
Let c(p) = p**3 - 5*p**2 - 9*p + 14. Determine c(6).
-4
Let t(p) = -2*p**2 - 9*p - 20. Determine t(-7).
-55
Let d(w) = -w**2 - 16*w - 7. What is d(-16)?
-7
Let p(b) = b**2 + b - 63. What is p(7)?
-7
Let h(b) = 6*b**3 - 2*b. Calculate h(-2).
-44
Let r(p) = -p**2 + 7*p + 5. Calculate r(8).
-3
Let p(j) = -j**2 + 15*j + 2. Calculate p(15).
2
Let a(i) = -2*i**3 - 62*i**2 - 64*i - 2. Give a(-1).
2
Let p(i) = -i**3 - 6*i**2 - 5*i - 7. Calculate p(-5).
-7
Let q(g) = -g**3 + 12*g**2 - 18*g + 33. Determine q(10).
53
Let i(g) = -14*g**2 + 2*g. Calculate i(1).
-12
Let v(a) = -6*a**2 - 2*a. What is v(-2)?
-20
Let f(r) = 2*r + 2. Calculate f(2).
6
Let n(t) = 5*t - 88. Determine n(19).
7
Let k(h) = -h**3 - 17*h**2 - 17*h - 17. Calculate k(-16).
-1
Let l(c) = -c**3 - 16*c**2 + 18*c + 13. Determine l(-17).
-4
Let c(f) = 4*f - 4. Determine c(1).
0
Let q(t) = -t**3 - 6*t**2 - 3*t - 7. Determine q(-4).
-27
Let p(h) = -h**2 - 8*h + 15. Give p(-7).
22
Let h(c) = 83*c + 499. Give h(-6).
1
Let t(x) = 6*x**3 - 8*x**2 + 4*x - 1. Calculate t(3).
101
Let r(z) = z + 16. Calculate r(-12).
4
Let y(g) = g**2 - 9*g + 4. What is y(8)?
-4
Let t(q) = 3*q + 22. Give t(9).
49
Let f(u) = -u**2 - 7*u + 22. Determine f(-9).
4
Let f(v) = 4*v - 9. Give f(1).
-5
Let r(k) = k**2 + 6*k + 1. Calculate r(-5).
-4
Let k(q) = -q**3 - 10*q**2 - 19*q - 18. Determine k(-8).
6
Let o(j) = j + 10. Give o(10).
20
Let g(h) = -25*h + 204. Calculate g(8).
4
Let c(g) = -14*g + 32. Give c(8).
-80
Let n(k) = -k**2 + 40*k - 78. Calculate n(38).
-2
Let h(y) = 2*y - 8. Calculate h(0).
-8
Let v(n) = n**3 - 10*n**2 - 22*n - 12. Determine v(12).
12
Let u(d) = 2*d**3 + 51*d**2 - 27*d - 28. Determine u(-26).
-2
Let v(g) = g**3 - 4*g**2 + 2*g + 2. Determine v(2).
-2
Let v(h) = 5*h**2 - 32*h + 14. Give v(6).
2
Let p(n) = n**3 - 8*n**2 + n + 11. Give p(5).
-59
Let d(j) = j**2 + 8*j + 8. Calculate d(-3).
-7
Let f(w) = -w**2 + 3*w + 8. Calculate f(6).
-10
Let q(r) = r**3 - 18*r**2 - 17*r - 6. Determine q(19).
32
Let j(z) = -z**3 + 11*z**2 - 20*z + 16. Calculate j(9).
-2
Let x(f) = -f**2 - 5. Determine x(5).
-30
Let r(b) = -11*b - 1. Calculate r(-2).
21
Let x(u) = u**2 + 10*u - 6. Give x(-10).
-6
Let k(s) = -s**2 + 147. Calculate k(0).
147
Let m(i) = 10*i - 64. Calculate m(7).
6
Let l(b) = b**3 + 8*b**2 - 8*b + 10. Determine l(-9).
1
Let d(n) = -n**2 + 8*n + 32. Determine d(11).
-1
Let u(a) = 7*a - 86. What is u(14)?
12
Let j(x) = x + 10. Give j(-9).
1
Let s(y) = 5*y**2 - 3*y - 1. Determine s(-2).
25
Let x(w) = w**2 - 17*w + 20. Calculate x(17).
20
Let t(k) = -k**2 - 3*k + 2. Calculate t(2).
-8
Let t(y) = -5*y**2 - 4*y - 2. What is t(-1)?
-3
Let v(z) = z**2 - 18*z - 14. Calculate v(19).
5
Let g(n) = 2*n**3 + 36*n**2 - 2*n - 31. Determine g(-18).
5
Let m(v) = 2*v + 16. What is m(-8)?
0
Let l(r) = 9*r + 24. Give l(7).
87
Let a(s) = 7*s + 52. Determine a(-7).
3
Let p(q) = -6*q + 2. Give p(6).
-34
Let v(h) = h**3 - 3*h**2 - 5*h + 3. What is v(4)?
-1
Let a(v) = 23*v + 23. Determine a(-1).
0
Let k(d) = -d**2 - 14*d - 31. Give k(-13).
-18
Let n(b) = 4*b**2 + 18*b - 37. What is n(2)?
15
Let j(t) = -3*t - 29. Calculate j(-8).
-5
Let p(k) = -k**3 - 4*k**2 + 8*k + 7. What is p(-5)?
-8
Let s(w) = -w**2 - 11*w + 5. What is s(-6)?
35
Let z(t) = -t**3 - 2*t + 3. What is z(2)?
-9
Let d(f) = 4*f + 22. Calculate d(-9).
-14
Let a(g) = -32*g - 1123. Give a(-35).
-3
Let h(m) = 5*m**3 - 3*m + 2. What is h(1)?
4
Let d(n) = -n**3 - 17*n**2 - 17*n + 6. Calculate d(-16).
22
Let h(u) = 2*u**2 + 5*u + 1. Determine h(-5).
26
Let n(d) = -d**3 + 7*d**2 + 6*d - 37. Give n(7).
5
Let w(f) = 11*f - 20. Determine w(4).
24
Let v(l) = 5*l - 14. Calculate v(4).
6
Let b(f) = f**3 + 8*f**2 - f - 13. Determine b(-8).
-5
Let c(n) = n**2 - n + 1. Give c(-3).
13
Let d(u) = -u**2 + 8*u - 37. Determine d(4).
-21
Let y(h) = -3*h**2 - 27*h + 37. Calculate y(-13).
-119
Let i(s) = -44*s - 49. Calculate i(-1).
-5
Let z(p) = 5*p - 33. Give z(-12).
-93
Let v(b) = -b**2 - 2*b + 8. Calculate v(-6).
-16
Let c(t) = t**2 - 4. What is c(-2)?
0
Let b(g) = -17*g**2 + 4*g + 7. Calculate b(-3).
-158
Let x(c) = -7*c**3 + 4*c + 1. Give x(2).
-47
Let t(o) = -o**3 - 14*o**2 - o + 10. Calculate t(-14).
24
Let u(i) = -4*i + 28. Calculate u(-5).
48
Let z(g) = -11*g - 60. Give z(-5).
-5
Let o(f) = f**3 - 3*f**2 + 3*f - 1. Calculate o(2).
1
Let f(c) = 3*c**2 + 4*c. What is f(-3)?
15
Let z(k) = -3*k + 16. Determine z(6).
-2
Let x(r) = -18*r - 203. Give x(-11).
-5
Let r(a) = -a**3 - 10*a**2 - 3*a + 12. Determine r(-10).
42
Let i(q) = -q**2 + 5*q + 64. Calculate i(10).
14
Let z(d) = -d**3 + 9*d**2 - 7*d + 10. What is z(8)?
18
Let o(m) = -2*m**2 - 93*m - 293. Give o(-43).
8
Let v(i) = -i**3 - 20*i**2 - 18*i + 22. Calculate v(-19).
3
Let i(p) = -p**3 + 5*p**2 + 4*p + 7. Calculate i(6).
-5
Let h(n) = -23*n**3 - n - 1. Determine h(-1).
23
Let l(i) = -3*i + 10. Give l(-5).
25
Let w(g) = 2*g - 13. Determine w(5).
-3
Let k(p) = p**2 - 29*p + 28. Determine k(27).
-26
Let i(u) = u**2 + 12*u + 24. Calculate i(-9).
-3
Let b(t) = t**3 + 8*t**2 + 8*t - 4. Determine b(-7).
-11
Let l(b) = 2*b**3 - 16*b**2 - 2*b + 12. Calculate l(8).
-4
Let s(x) = x**3 + 5*x**2 - x - 13. Calculate s(-5).
-8
Let r(t) = t**3 - 14*t**2 + 14*t - 17. Give r(13).
-4
Let i(x) = -3*x**2 - 18*x + 19. Give i(-7).
-2
Let c(f) = -2*f - 40. Determine c(-12).
-16
Let u(i) = i**2 - 8*i + 17. What is u(6)?
5
Let o(p) = 6*p**2 + 25*p - 3. Give o(-4).
-7
Let x(v) = -2*v - 24. Calculate x(-9).
-6
Let i(s) = -2*s**2 - 95*s - 778. Calculate i(-37).
-1
Let h(m) = -m**2 + 8*m - 1. Give h(9).
-10
Let i(y) = -16*y**2 - 2*y + 1. What is i(1)?
-17
Let d(g) = -g**3 + 3*g**2 + 2*g - 2. Give d(4).
-10
Let k(x) = -4*x**2 - 4*x - 1. Calculate k(3).
-49
Let n(r) = -9*r + 44. What is n(7)?
-19
Let l(j) = j + 9. Give l(-5).
4
Let i(v) = -5*v**2 + 16*v + 17. Give i(-1).
-4
Let m(h) = h**3 - 9*h**2 + 7*h - 11. Calculate m(8).
-19
Let r(l) = l**2 + 9*l - 20. Calculate r(-10).
-10
Let v(r) = r**3 + 4*r**2 + 6*r - 7. Calculate v(-5).
-62
Let t(x) = x**2 + 3*x - 106. Calculate t(-12).
2
Let b(p) = p**2 - 4*p - 33. What is b(-3)?
-12
Let h(f) = -f - 2. Give h(11).
-13
Let n(j) = -j**2 - 6*j + 20. Determine n(-9).
-7
Let c(l) = l**3 + 24*l**2 + l + 24. Calculate c(-24).
0
Let w(j) = j**3 - 21*j**2 - 75*j + 77. What is w(24)?
5
Let u(b) = b**3 + 5*b**2 - 7*b - 7. Determine u(-6).
-1
Let w(f) = 12*f**3 - 2*f + 1. What is w(1)?
11
Let y(t) = 2*t - 37. Determine y(14).
-9
Let r(k) = 4*k**2 + 8*k - 5. Give r(-3).
7
Let w(d) = -d**3 - 9*d**2 + 2*d + 14. Calculate w(-9).
-4
Let r(p) = -p**3 - 10*p**2 - 8*p - 6. Calculate r(-9).
-15
Let d(s) = -6*s - 41. What is d(-19)?
73
Let l(h) = 46*h + 235. Give l(-5).
5
Let m(j) = -j**2 - 4*j + 7. Give m(-4).
7
Let l(r) = -r**2 + 12*r - 24. Determine l(2).
-4
Let s(l) = -2*l**2 - 24*l + 101. Calculate s(-15).
11
Let c(d) = d**3 - 12*d**2 + 3*d - 30. Calculate c(12).
6
Let h(d) = -2*d - 6. Determine h(8).
-22
Let v(g) = 9*g - 80. Give v(16).
64
Let d(n) = -n**3 - 5*n**2 - 3*n - 15. Calculate d(-5).
0
Let h(l) = -l**2 - 15*l + 6. Determine h(-15).
6
Let w(t) = 27*t + 101. Calculate w(-5).
-34
Let d(a) = -10*a**2 - 83*a + 82. Determine d(1).
-11
Let k(n) = -7*n**2 + n + 1. Determine k(-2).
-29
Let x(y) = 20*y**2 + 1. Determine x(-1).
21
Let t(b) = b**3 + b**2. Give t(1).
2
Let u(l) = -l**3 + 8*l**2 - 5*l - 17. What is u(7)?
-3
Let i(b) = -b**3 - 13*b**2 + 70*b + 29. Give i(-17).
-5
Let t(w) = -w**3 - 7*w**2 - 3*w - 8. Calculate t(-6).
-26
Let j(v) = v**2 + 5*v - 3. What is j(-5)?
-3
Let r(t) = t**3 - t**2 - t + 40. Determine r(0).
40
Let m(n) = -2*n**3 + 5*n**2 - 3*n - 2. What is m(2)?
-4
Let c(r) = 10*r + 4. What is c(-2)?
-16
Let i(d) = -d**3 + 15*d**2 - 22*d + 40. What is i(14)?
-72
Let m(t) = 3*t - 53. Calculate m(18).
1
Let c(l) = l**3 - 6*l**2 - 9*l - 13. Determine c(8).
43
Let v(z) = -3*z + 37. Calculate v(9).
10
Let u(g) = g**3 - 20*g**2 - 41*g - 62. What is u(22)?
4
Let i(g) = -6*g + 95. What is i(0)?
95
Let m(s) = s + 32. Calculate m(0